he greatest common factor of 3039 and y.
3
Suppose -22*q + 18*q + 5*h + 150 = 0, -h = -2*q + 66. Calculate the highest common divisor of 170 and q.
10
Suppose q + q = -12. Let b be (-20)/q - 4/12. Let a = 2439 + -2438. Calculate the highest common divisor of b and a.
1
Let c be (-2)/(12/(-30)) + 11*2. Suppose -2*v + 5*k = -938, -v - 12 + 491 = -5*k. What is the greatest common divisor of v and c?
27
Suppose 2*c - 4*a + 988 = 0, 5*c = -3*a + 5*a - 2438. Let n be (1 - (-7)/6)/((-81)/c). What is the highest common factor of 13 and n?
13
Let r(d) = 33*d**2 + 2*d + 1. Let i be r(-1). Let w be 6 + ((8 - -4)/(-4) - -77). Suppose 7*s = 9*s - w. What is the greatest common factor of s and i?
8
Let q(f) = -f - 1. Let h(p) = 2*p**2 + 13*p - 5. Let k(o) = h(o) + 6*q(o). Let i be k(-6). Let g = i - -21. What is the highest common divisor of g and 8?
8
Let k = -273 + 342. Suppose 48*u = k*u - 1344. What is the greatest common factor of u and 416?
32
Suppose -10*h = 207 - 27. Let q be (9/h)/((-2)/60). What is the greatest common factor of 45 and q?
15
Let b be (9 + -909)*(-41)/123. What is the highest common factor of 3660 and b?
60
Let k be 4/((-8)/(-270)) + -1. Suppose 0 = -5*s - 10, k = -4*r + 3*s - 2*s. Let a be 5/15 - r/6. Calculate the greatest common divisor of 3 and a.
3
Suppose 29*b = -326 - 979. Let g be (-520)/b + 8/18. Calculate the greatest common divisor of 3 and g.
3
Let h = -1376 + 1440. What is the greatest common factor of 11040 and h?
32
Let i = -735 - -742. Let q be (0 + -15)/(i/(-252)*4). Calculate the highest common divisor of q and 54.
27
Let w = -47 - -114. Suppose 259 = 3*a + w. Suppose -2*p - 2 + 34 = 0. Calculate the highest common divisor of p and a.
16
Let w(u) = -3*u**3 + 3*u**3 - 563*u + 2 - 2*u**2 + u**3 + 564*u. Let j be w(2). Suppose j*x = -4*x + 216. Calculate the greatest common factor of x and 3.
3
Let a be -153*(1 - (-10)/15 - 4). Suppose k - 42 = -k. What is the highest common divisor of k and a?
21
Suppose -m = m + a - 560, 2*m - 584 = 5*a. Calculate the highest common divisor of m and 752.
94
Suppose m = f + 1, 3*m + 5*f + 1 + 4 = 0. Suppose 5*x - 10 + 30 = m, 0 = -3*u + 5*x + 59. Calculate the greatest common divisor of u and 403.
13
Suppose -726 = -3*d - 3*y, 3*d + 51*y - 49*y = 729. What is the greatest common factor of d and 55?
5
Let h(q) = -240*q**3 - 21*q**2 - 39*q + 4. Let v be h(-2). What is the greatest common factor of 154 and v?
14
Let u = -21 - -27. Let z be -3 + -1*((3 - u) + -128). Let p = z + -51. Calculate the greatest common factor of 7 and p.
7
Let g be ((57 - 2) + -5)/(-3*4/(-6)). Calculate the greatest common factor of g and 3275.
25
Let t = 1933 + -995. What is the highest common divisor of 536 and t?
134
Let k(h) = -201*h + 501. Let z be k(-9). Calculate the greatest common divisor of z and 33.
33
Suppose 22169 = 18*u - 0*u + 4619. Calculate the greatest common factor of 300 and u.
75
Let k = 1215 + -734. Let t = 493 - k. What is the greatest common divisor of t and 88?
4
Let t(g) = -14*g - 2. Let q be t(-5). Suppose -v + 16354 = 39*v - 3*v. What is the greatest common factor of q and v?
34
Suppose -2 = -f + 1. Suppose 70*u - 3*u = 30*u + 1221. What is the highest common factor of u and f?
3
Suppose 43*a - 137 = 4464. Calculate the greatest common divisor of a and 6527.
107
Let n be (-10 - -5)*72/15. Let z be 9/n - (-297)/24. Calculate the highest common divisor of 516 and z.
12
Let s be (112/(-24))/14 - (-163)/3. Let u = 78 + -56. Suppose -2*w + u = 5*y, 2*y - 32 = 3*w + 2*w. Calculate the greatest common factor of y and s.
6
Suppose 447 + 294 = 13*k. Let c be (-2)/(-8) + 291/4. Let h = k + c. Calculate the greatest common factor of 10 and h.
10
Let c(y) = 5*y**2 - 9*y + 270. Let m be c(-15). What is the greatest common factor of m and 90?
90
Suppose -37 = -14*t + 5. Suppose 0*r - 4*d - 12 = 2*r, -t*r = -2*d - 14. Calculate the greatest common divisor of 62 and r.
2
Suppose 13416 = 4*h + 4*p, -3*p - 4294 + 21064 = 5*h. Calculate the highest common divisor of h and 344.
86
Let a be (-1 - 2) + (-2 - -3) + 1. Let f be 10 - (5/5)/(a/(-1)). Let z(h) = 2*h**2 - 8*h + 3. Let c be z(7). What is the greatest common factor of f and c?
9
Let h = 2663 - 2399. What is the greatest common factor of 312 and h?
24
Suppose 114*l - 24 = 108*l. Let f be (0/(-6) - l/4)*-4. Let x be (4 + -2)*(1 + 0). Calculate the highest common divisor of x and f.
2
Suppose 9678 = 6*u + 2982 - 11928. What is the highest common factor of u and 64?
32
Let c(k) = -k**2 - k - 1. Let w(j) = 0*j + 83 + 111*j**2 - 79 - j. Let v(n) = 2*c(n) + w(n). Let r be v(1). Calculate the greatest common divisor of r and 72.
36
Suppose -6*w + w = -5*s - 3590, -1452 = -2*w - 2*s. Calculate the highest common factor of 2 and w.
2
Let d(r) = -3*r**3 + 4*r**2 - 16*r + 67. Let z be d(4). Let y be 322/((z/(-75))/((-5)/(-6))). What is the greatest common divisor of 28 and y?
7
Let x = 6852 - 6720. Calculate the highest common divisor of 264 and x.
132
Suppose -60*x - 3434 = 26*x - 23558. What is the greatest common factor of 81 and x?
9
Suppose -253*i = 3*m - 248*i - 678, 3*m + 2*i - 660 = 0. Calculate the greatest common divisor of 48 and m.
24
Let z = -8943 + 11493. What is the highest common divisor of z and 102?
102
Let t(r) = r**2 - 16*r - 123. Let v be t(44). Suppose 5*g - j = 1027, -299 = 4*g + 5*j - v. Calculate the greatest common divisor of g and 123.
41
Let n = 32 - -103. Let q = -337 - -833. Suppose 7*i + 118 = q. What is the highest common divisor of i and n?
27
Suppose 5*w + 167 = 4*u, 6*u - 3*w = u + 212. Suppose u*r = 46*r + 3. Let j be (r - (2 + -2))/(17/(-153)). What is the highest common divisor of 9 and j?
9
Let q = -189 + 197. Suppose -4*h = -2*y + q, 0 = 4*y - 2*h + h - 44. What is the greatest common divisor of y and 16?
4
Suppose 0*p - 5*p + 20 = 0. Suppose 0 = -61*t + 56*t + 125. Let n be 95*(p + (-90)/t). What is the greatest common factor of n and 304?
38
Suppose -5*p + 251*g = 249*g - 663, -5*p + 666 = g. What is the highest common divisor of 703 and p?
19
Let m be (-840)/(-32) - (-2)/(-8). Let i(t) = -t**3 + 30*t**2 - 39*t + 303. Let r be i(29). Calculate the highest common divisor of m and r.
13
Suppose -5*u + 4 = -6. Let o be 26 + -29 + 4/1. Let s be (20 + o)/(69/46). Calculate the highest common divisor of s and u.
2
Let u(r) = 4*r**2 - 11*r + 8. Let i be u(4). Let o = 643 + -335. Calculate the highest common divisor of i and o.
28
Let p(b) = 2*b + 7. Let u(m) = m + 25. Let o be u(-12). Let x be p(o). Let c(q) = 192*q - 21. Let j be c(2). What is the greatest common factor of x and j?
33
Let r = 57 + -44. Let q = 13 + -13. Suppose 2*t + 2*y + 5 - 131 = q, 5*y = -3*t + 185. What is the highest common factor of r and t?
13
Let t = 6182 - 6110. Calculate the greatest common factor of 2904 and t.
24
Let r be ((-675)/18)/(-3 - (-124)/40). Let c = 391 + r. Calculate the highest common divisor of 16 and c.
16
Suppose n = h - n - 12, 0 = 2*n + 4. Let r be (1/(-4) - 20/16)*88/(-3). What is the highest common divisor of r and h?
4
Suppose 0 = 4*f - 4 - 16. Suppose -f*a = -11*a + 72. Let t be (2 + -2 + -1)/(4/(-32)). What is the highest common factor of a and t?
4
Let r be (-34)/(-85) - 2*81/30. Let i be r*32*12/(-20). What is the greatest common factor of 36 and i?
12
Let q be (3 + (-36)/15)*2050/15. Suppose 3 = 3*n - 6. Suppose 0 = -3*t + 5*t - n*d - 416, 8 = -4*d. What is the highest common divisor of q and t?
41
Suppose 63 = 2*g - 29. Suppose 0 = -2484*x + 2475*x + 2898. What is the greatest common divisor of g and x?
46
Suppose -27*u = 16*u - 48160. Let d be u/12 - (44/(-12) + 4). Calculate the greatest common divisor of d and 372.
93
Let a = -37 + 62. Let g be (20/(-8) + 3)*96. Let h be ((-32)/g)/(1/(-6)) - -21. What is the greatest common factor of h and a?
25
Let y be (4/(-30) - 936140/(-1050)) + (-3)/7. Calculate the highest common factor of y and 405.
81
Let u = 235 + -254. Let b(v) = -v**2 - 24*v + 70. Let a be b(u). What is the highest common divisor of 11 and a?
11
Let t(f) = -9*f**2 + 49*f + 288. Let l be t(0). What is the highest common factor of 704 and l?
32
Suppose -5*g + 0*p + p + 427 = 0, g = -2*p + 92. Let z = -62 + g. What is the greatest common factor of z and 64?
8
Let t be (4*(-3)/24)/(2/(-4)). Let o be 0/(